 + m + 927. Calculate the remainder when r is divided by 18.
15
Suppose 6*l - 208 = 2876. What is the remainder when l is divided by 43?
41
Calculate the remainder when (5/5*-6)/(8/(-292)) is divided by 21.
9
Let q(l) = 27*l - 3. Suppose 143 = 19*z - 199. What is the remainder when q(2) is divided by z?
15
Let f = 66 - 1. Suppose 2*q + 11*q = f. What is the remainder when 63 is divided by q?
3
Suppose 15*p - 44171 = -13646. What is the remainder when p is divided by 97?
95
Let h = 233 - 106. Let m = -104 + 101. What is the remainder when h is divided by (m + 0)/(63/(-672))?
31
Calculate the remainder when (-9)/(-30)*38*10 is divided by 1 + (-3 - (-6 - (-75)/(-3))).
27
Let v(p) be the first derivative of -7*p**2/2 + 11*p + 1. Calculate the remainder when v(-7) is divided by 21.
18
Suppose -288 + 68 = -4*h + f, f - 172 = -3*h. Calculate the remainder when h is divided by 29.
27
Suppose 19*o - 17*o = 0. Let c be (o + 0)*(-2)/4. Suppose -4*a - 20 = 0, c = -2*f + 6*f + 4*a - 84. Calculate the remainder when f is divided by 7.
5
Suppose -d + 4 = -0. Suppose w - 202 = -d*w + 3*r, 5*r = 2*w - 77. Let u = 12 - 1. What is the remainder when w is divided by u?
8
Let y = 22 + -35. Let k = y - -34. What is the remainder when k is divided by 11?
10
Suppose 5*w = -15, 3*g - 2*w = 2*g - 8. Let i(l) = -3*l + 2. Let n be i(3). Let p = n - g. What is the remainder when 18 is divided by p?
4
Let l(o) = -o**2 - 2*o + 2. Let t be l(1). Calculate the remainder when 26 is divided by (t/1)/(146/(-36) + 4).
8
Suppose 0 = -2*r + r + 10. Let k be (2/3)/(r/15). What is the remainder when (k/3)/((-2)/(-138)) is divided by 13?
10
Suppose -4*n = -i - 17, 3*n - 6 = -0. What is the remainder when 46 is divided by (40/(-6) + 4)*i?
22
Let x be (-561)/(-77) + 4/(-14). Suppose -x*w = -2*w - 35. Suppose 5*o - 22 + w = 0. What is the remainder when 8 is divided by o?
2
Let m(t) = t + 5. Let y be m(-5). Suppose -3*u - 7 - 8 = y. Let o(v) = -9*v - 2. What is the remainder when o(u) is divided by 15?
13
Let s(m) = -4*m - 85. What is the remainder when s(-34) is divided by 8?
3
Suppose l - 5 = -3*m + 1, 3*l - 18 = 3*m. Let u = -20 + 43. Suppose -3*o = -u - 58. What is the remainder when o is divided by l?
3
Let o = -260 - -382. What is the remainder when o is divided by 26?
18
Let t(o) = -3*o**3 - 12*o**2 + 22*o - 72. Suppose 5 + 1 = 2*p. What is the remainder when t(-6) is divided by p?
0
Suppose -4*w = -3*w + 11. Let l(j) = j**3 + 11*j**2 - 2*j - 12. What is the remainder when 26 is divided by l(w)?
6
Let b(v) = 12*v**2 - 10*v - 11. What is the remainder when (0 - -1)/(1/30) is divided by b(-1)?
8
Let i be (-4 + 26)/2 - -3. Suppose 0 = 10*q - i*q + 212. What is the remainder when q is divided by 17?
2
Suppose 4*a = 3*a + 22. Calculate the remainder when 90 + 0 + -5 + 0 is divided by a.
19
Let u = -1 + 3. Suppose -6*z + z - 5 = 0, 5*z = -u*f + 1. What is the remainder when 6/(-1 - (-5)/2) is divided by f?
1
Let h(r) = -3*r - 2. Let d be -1 + 2 + -3*1. Let p be h(d). Suppose 14 + 42 = p*c. Calculate the remainder when 53 is divided by c.
11
Let h(x) = -2*x + 43. Let a(n) = n - 1. Let f(o) = 6*a(o) - h(o). What is the remainder when f(7) is divided by 6/(-4)*(-10)/3?
2
Let j(z) = -z**2 + 18*z - 13. Let k be j(17). Let r = 13 - 8. What is the remainder when k/5*100/10 + -1 is divided by r?
2
Suppose -3*g - 7*a = -2*a - 92, 0 = 2*g - 5*a - 78. Let r(j) = -j**3 - 3*j**2 - 6. What is the remainder when g is divided by r(-4)?
4
Calculate the remainder when (4 - (-2 - -9)) + 55 is divided by 8.
4
Let g = 12 - 14. Let h be (5 - 5) + (0 - g). Suppose -h*q = -3*t + 26 + 9, 5 = t + q. What is the remainder when 25 is divided by t?
7
Suppose -2*a + 18 = 4*o - 0*a, 7 = 3*o - 5*a. Let z(n) = -4*n + 3 + n + o*n - 6*n + n**3. Calculate the remainder when z(3) is divided by 4.
3
Let g(r) = -r**3 + 17*r**2 + 17*r + 33. Let m(b) = -b**3 + 9*b**2 - 13*b + 11. Let n be m(7). What is the remainder when 25 is divided by g(n)?
10
Let f = 58 - 33. Suppose 2*t + 5*w = 117, t = 4*w + 58 + 33. What is the remainder when t is divided by f?
21
Suppose 0*t = 5*t - 140. Let a(b) = -20*b. Let g be a(2). Calculate the remainder when t is divided by (-40)/(-6)*(-90)/g.
13
Let n = 500 + -221. What is the remainder when n is divided by 47?
44
Let l(x) = -24*x - 4. Let i be l(-3). Let w = i + -39. What is the remainder when w is divided by (-40)/(-6)*3/(-12)*-6?
9
Let t(r) = r + 5. Suppose -1041 + 19 = -14*g. Calculate the remainder when g is divided by t(6).
7
Let r = 27 + -15. What is the remainder when 2/(-5)*-77 - 8/(-40) is divided by r?
7
Let w = 17 - 11. Suppose -4*y + 2*y + 8 = 0. Calculate the remainder when w is divided by y.
2
Suppose 46*x - 92 - 598 = 0. What is the remainder when 448 is divided by x?
13
Suppose 5*b - 266 = -4*k, -k - 8*b = -6*b - 65. What is the remainder when k is divided by 19?
12
Let p = 515 - 507. Calculate the remainder when 71 is divided by p.
7
Let l = 1489 - 1369. Calculate the remainder when 124 is divided by l.
4
Let x(l) = l - l**2 - 2*l - 3 + 5*l**3 + 4*l. Let t(b) = -5*b**2 - 80*b + 2. Let d be t(-16). Calculate the remainder when x(d) is divided by 21.
18
Let n be (-376)/(-5)*(-5)/(-20)*10. Let m = n + -134. Calculate the remainder when m is divided by 14.
12
Let y(b) = -2*b + 24. Let j be y(12). Suppose -2*o + 5*o - 84 = j. Calculate the remainder when 136 is divided by o.
24
Let j be (-20)/70 + (-634)/(-14). Let z be (1 + 5)*j/27. Suppose c = -0*c + z. Calculate the remainder when 48 is divided by c.
8
Suppose x + 3 = 0, 0 = -3*h - 3*x + 45 + 120. What is the remainder when 111 is divided by h?
53
Suppose 0 = -4*a - 6 + 422. What is the remainder when a is divided by 7?
6
Let i(a) = 116*a**3 + a**2 + 7*a - 8. Calculate the remainder when i(1) is divided by 53.
10
Let m(x) = -3*x**3 - 3*x**2 - x - 2. Let z be m(-2). Let q = 2 + z. What is the remainder when 1 + (-798)/(-35) - 18/(-15) is divided by q?
11
What is the remainder when (-28 - -27)/((1 + 0)/(-191)) is divided by 32?
31
Let i(b) = -3*b - 4. Let v be i(-7). Suppose -v + 69 = 4*s. Let m = 55 - 31. What is the remainder when m is divided by s?
11
Suppose s + 10 - 34 = 0. Suppose 22 = 2*b - 6. Suppose 24*m - 23*m - b = 0. Calculate the remainder when s is divided by m.
10
Suppose -5*o = 5*b + 75, b - 5*o + 0*o - 3 = 0. Let j = b + 19. Let n = 1 - -4. What is the remainder when j is divided by n?
2
Let f(u) = 16*u + 53. Let w(i) = 10*i + 35. Let o(b) = -5*f(b) + 7*w(b). What is the remainder when o(-8) is divided by 16?
12
Let b be (-12)/(-15)*75/6. Let d be (-199)/(-4) - b/(-40). Suppose z + d = 4*q - 0, 3*q + 5*z = 49. What is the remainder when 24 is divided by q?
11
Let h(y) = 9*y + 19. Let p be h(3). Suppose 0 = -2*o - 3*r + p, -2*o + 37 = -o - 2*r. Calculate the remainder when o is divided by 21.
8
Let y = 1239 - 1219. What is the remainder when 139 is divided by y?
19
Suppose 5*n = 0, 0 = -t - 3*n + 4 + 4. What is the remainder when 86 is divided by t?
6
Let n(k) = -k**3 - 3*k**2 + k - 4. Let x be n(-4). Let u = 3 + x. Suppose -7*c + 0*c + 28 = 0. What is the remainder when u is divided by c?
3
Suppose -s + 2*a - 2 = -2*a, -6 = -s - 4*a. What is the remainder when (47/(-2))/(s/(-4)) is divided by (-12 - -11)*(-2)/(-4)*-50?
22
Let f(s) = 6*s - 1. Let i be (7/2 - 3)*2. Let z be f(i). What is the remainder when 26 is divided by (z/(-20))/((-2)/56)?
5
Suppose 26*c - 812 - 20 = 0. Suppose 5*u - 113 = -2*d + 372, -d = -4*u + 375. Calculate the remainder when u is divided by c.
31
Let d(x) = x**2 + 7*x - 6. Let k be d(-8). Suppose 0 = -s + k + 1. What is the remainder when 17 is divided by (s + 0)/((-4)/(-12))?
8
Let r = 1067 + -1067. Suppose 4*g = -6*u + u + 3, -8 = -5*g - 2*u. Suppose -g*q + 24 + 58 = r. Calculate the remainder when q is divided by 22.
19
Let a(p) = p**2 + 2*p + 2. Suppose 2*c - 40 = 4*x, x - 3*c - 2 = -17. What is the remainder when a(-3) is divided by (((-180)/8)/x)/((-3)/(-6))?
0
Suppose 3*f + a - 1087 = 0, 3*a - 1186 = -4*f + 260. Calculate the remainder when f is divided by 26.
25
Let i be 30 - (-2 + 3)/(-1). Suppose -z + h - 5*h + i = 0, 0 = 3*z + h - 38. What is the remainder when 76 is divided by z?
10
What is the remainder when (10/(-28)*-7)/((-4)/(-2264)) is divided by 109?
107
Let r = 344 -